t common factor of 1264 and 3713.
79
What is the greatest common factor of 17360 and 137760?
560
Calculate the highest common factor of 31653 and 36.
9
Calculate the greatest common divisor of 2020368 and 32.
16
What is the highest common divisor of 7071 and 27?
3
Calculate the highest common divisor of 133 and 8006.
1
Calculate the highest common divisor of 58110 and 1770.
30
What is the greatest common factor of 19136 and 13?
13
What is the greatest common divisor of 2454 and 30?
6
What is the highest common factor of 295362 and 366?
366
What is the greatest common factor of 18058 and 2?
2
What is the greatest common divisor of 318 and 52311?
159
What is the highest common factor of 39264 and 192?
96
What is the highest common divisor of 38 and 495881?
19
Calculate the highest common factor of 287 and 155349.
41
What is the greatest common factor of 60042 and 48?
6
What is the highest common factor of 104 and 211237?
13
Calculate the greatest common factor of 10580 and 107916.
2116
What is the greatest common factor of 611 and 197541?
47
What is the greatest common divisor of 1284 and 1567122?
642
Calculate the greatest common divisor of 93 and 571609.
31
What is the highest common divisor of 58996 and 688?
172
What is the greatest common divisor of 181699 and 1717?
101
Calculate the greatest common factor of 22975 and 50.
25
Calculate the greatest common divisor of 240 and 7870.
10
What is the greatest common factor of 1640 and 128?
8
What is the highest common factor of 5511 and 257681?
167
What is the highest common factor of 8804 and 13774?
142
Calculate the greatest common divisor of 8895 and 60.
15
What is the greatest common factor of 1008 and 59904?
144
What is the greatest common divisor of 7222 and 253?
23
What is the highest common factor of 712 and 114?
2
Calculate the greatest common factor of 1159480 and 82.
82
What is the greatest common factor of 31 and 48577?
31
What is the highest common factor of 2815 and 40?
5
What is the highest common divisor of 136 and 196656?
136
Calculate the highest common factor of 130387 and 23.
23
Calculate the highest common factor of 21 and 4577811.
21
Calculate the greatest common factor of 11752 and 13.
13
Calculate the greatest common factor of 2155880 and 20.
20
What is the highest common factor of 81 and 12717?
81
Calculate the greatest common factor of 5688998 and 686.
686
Calculate the greatest common factor of 79 and 94247.
79
Calculate the highest common divisor of 497 and 19103.
7
What is the highest common factor of 14 and 98014?
14
Calculate the greatest common factor of 174 and 52461.
87
What is the greatest common divisor of 3 and 934779?
3
Calculate the greatest common factor of 48958 and 42.
14
What is the greatest common factor of 2927021 and 1?
1
Calculate the highest common factor of 391105 and 385.
55
What is the highest common divisor of 436129 and 112002?
1697
Calculate the greatest common divisor of 26870 and 270.
10
Calculate the highest common factor of 105462 and 16506.
126
Calculate the greatest common divisor of 951402 and 12.
6
Calculate the greatest common divisor of 111 and 76.
1
What is the greatest common divisor of 143155 and 5?
5
Calculate the highest common divisor of 16 and 435548.
4
Calculate the greatest common divisor of 39 and 29604.
3
What is the highest common factor of 819 and 7359?
3
Calculate the highest common divisor of 932 and 8472.
4
What is the highest common divisor of 25596 and 26228?
316
Calculate the greatest common divisor of 885 and 51.
3
What is the highest common divisor of 12460 and 4760?
140
Calculate the greatest common divisor of 258412 and 84.
28
What is the highest common divisor of 124 and 473308?
124
Calculate the highest common divisor of 724 and 18643.
181
What is the highest common factor of 46 and 123?
1
Calculate the highest common factor of 130 and 304600.
10
What is the greatest common divisor of 33019 and 3339?
371
Calculate the highest common factor of 3450 and 84180.
690
Calculate the highest common factor of 7 and 20279.
7
Calculate the highest common divisor of 376 and 536.
8
Calculate the greatest common factor of 2641973 and 458.
229
Calculate the highest common factor of 4120498 and 2.
2
What is the highest common factor of 25368 and 1428?
84
Calculate the greatest common factor of 6 and 158406.
6
Calculate the greatest common divisor of 1392 and 130964.
116
Calculate the highest common divisor of 906113 and 611.
611
What is the greatest common factor of 2904 and 50952?
264
What is the highest common divisor of 1628298 and 18?
18
What is the greatest common divisor of 123454 and 68?
34
Calculate the greatest common divisor of 4350 and 2050.
50
What is the highest common factor of 110572 and 5544?
308
Calculate the greatest common factor of 509860 and 795.
265
Calculate the highest common divisor of 22022 and 11616.
242
Calculate the greatest common divisor of 36 and 1399308.
12
What is the greatest common factor of 3549 and 14833?
91
Calculate the greatest common divisor of 1105321 and 1761.
587
What is the greatest common factor of 3 and 98733?
3
What is the highest common factor of 16770 and 23790?
390
Calculate the greatest common divisor of 3195 and 34065.
45
Calculate the greatest common factor of 38198 and 2840.
142
Calculate the highest common divisor of 188 and 195332.
188
Calculate the greatest common factor of 66598 and 15008.
938
What is the highest common divisor of 4458731 and 53?
53
What is the greatest common factor of 12 and 5436?
12
Calculate the highest common divisor of 485 and 14895.
5
What is the greatest common factor of 5551 and 82411?
427
Calculate the greatest common divisor of 90 and 13730.
10
Calculate the greatest common factor of 165 and 104863.
11
What is the greatest common divisor of 17507 and 16933?
287
Calculate the greatest common divisor of 309 and 144303.
309
Calculate the greatest common divisor of 792 and 4896.
72
Calculate the greatest common divisor of 95 and 143260.
95
Calculate the highest common divisor of 15 and 723225.
15
What is the highest common factor of 2888 and 472?
8
Calculate the greatest common factor of 69213 and 21.
3
Calculate the greatest common divisor of 4887 and 1107.
27
What is the highest common factor of 234 and 8736?
78
Calculate the greatest common divisor of 8 and 11471.
1
What is the greatest common factor of 230608 and 29?
29
Calculate the highest common divisor of 650 and 970.
10
What is the highest common factor of 4 and 1166?
2
What is the highest common factor of 641067 and 1246?
623
What is the highest common factor of 68533 and 38?
19
Calculate the greatest common factor of 179514 and 36.
18
Calculate the greatest common factor of 110 and 218740.
10
Calculate the highest common factor of 449199 and 135.
27
What is the highest common divisor of 1515 and 2685?
15
What is the highest common divisor of 4083 and 3309952?
1361
What is the highest common divisor of 3567 and 9744?
87
What is the greatest common factor of 26 and 96317?
13
Calculate the highest common divisor of 744 and 12836232.
744
Calculate the highest common factor of 12 and 126636.
12
What is the greatest common factor of 21 and 21700665?
21
What is the greatest common divisor of 72 and 24456?
24
Calculate the greatest common factor of 308 and 31864.
28
What is the greatest common factor of 1269774 and 550?
22
What is the greatest common divisor of 686 and 118104?
14
Calculate the highest common divisor of 11344 and 460.
4
Calculate the greatest common divisor of 4277 and 78302.
329
What is the greatest common factor of 32 and 107552?
32
Calculate the greatest common factor of 54153 and 108.
9
What is the highest common factor of 4 and 616732?
4
What is the greatest common divisor of 3726 and 16330?
46
What is the highest common factor of 390 and 7590?
30
What is the highest common divisor of 67774 and 5264?
658
What is the highest common factor of 27684 and 5724?
36
Calculate the greatest common factor of 13447 and 2975.
119
What is the highest common divisor of 15400 and 8100?
100
What is the highest common factor of 1441 and 1859?
11
What is the highest common factor of 1065 and 351805?
355
What is the highest common divisor of 2324 and 511?
7
What is the highest common